mmon factor of 119 and p.
17
Let j = 295 - -286. Calculate the highest common divisor of j and 332.
83
Suppose -3*p = -543 - 42. What is the greatest common divisor of 30 and p?
15
Let m(v) = -v + 86. Let k be m(23). Calculate the highest common factor of k and 21.
21
Suppose 5624 = 421*r - 123*r - 9276. Let k = 130 - 55. Calculate the highest common factor of k and r.
25
Suppose -21 + 33 = 3*w. Let j(p) be the second derivative of p**4/6 + p**3/2 + 8*p. Let a be j(-2). What is the highest common divisor of a and w?
2
Let s be 350/245*(-35)/(-10). Let w(q) = 10*q**2. Let a be w(1). Suppose -5*m - a = i + 2*i, 4*m - 3*i - 19 = 0. What is the highest common divisor of m and s?
1
Let m be (-1738)/(-6) - (-5)/15. Suppose h - 5 + 0 = 0. Suppose -2*q - 110 = -h*d + 45, 2*q + 10 = 0. Calculate the highest common factor of d and m.
29
Suppose -o - 17 = -4*s, 2*s = 3 + 5. Let i be o - -9 - (3 - 6). What is the greatest common divisor of 1 and i?
1
Suppose -5*b + z + 57 = -b, -2*b - 5*z + 45 = 0. Let t = b - 10. What is the highest common factor of t and 1?
1
Suppose -3*a + 0*q = -q - 12, -a - 4*q = -17. Let m(l) = 7*l + l**2 - 3 + 4 - 5 + l. Let r be m(-9). Calculate the greatest common divisor of r and a.
5
Suppose -23 - 121 = -3*d. What is the highest common factor of d and 384?
48
Let f = 16 + -10. Let w(j) be the first derivative of j**4/4 + 3*j**3 + 3*j**2 - j - 12. Let k be w(-8). What is the highest common divisor of k and f?
3
Let a(n) = 12*n**2 + 2*n - 59. Let l be a(10). Calculate the greatest common factor of l and 43.
43
Let j = -3 - -17. Let b(d) = -2*d**2 - 102*d - 65. Let z be b(-50). What is the greatest common divisor of j and z?
7
Let o(d) = -4*d**2 + 7*d - 11. Let a(f) = f**2 - 2*f + 4. Let v(x) = 7*a(x) + 2*o(x). Let h be v(0). Calculate the greatest common factor of h and 6.
6
Suppose 11*q - 44 = 7*q. Let m(h) = -h + 22. Let j be m(q). Suppose 44 = 4*d - 3*d. Calculate the highest common factor of j and d.
11
Let x(h) = 5*h**2 - 106*h + 524. Let u be x(6). Suppose -9 = -2*q - 1. Calculate the highest common factor of u and q.
4
Let r be 4 + 1878/12 + (-1)/2. Calculate the greatest common factor of r and 10.
10
Let x(o) = -24*o + 2*o + 8*o - 1 - o**2 + 2*o. Let y be x(-10). Calculate the highest common divisor of 76 and y.
19
Suppose 0 = 6*i - 2*i - 192. Let h = 17 + i. What is the highest common factor of h and 26?
13
Suppose 9*q - 10*q = 2*g - 1782, 3564 = 4*g - 2*q. What is the highest common divisor of 33 and g?
33
Suppose 4*d - d = -k + 7010, 0 = -4*d + 5*k + 9334. Calculate the highest common factor of 32 and d.
32
Let v be ((-25)/(-4))/(18/216). What is the greatest common divisor of 30 and v?
15
Suppose -2*l + y - 200 = 44, 0 = -2*l - 5*y - 256. Let s = 155 + l. What is the greatest common divisor of 4 and s?
4
Let r be (5 - (7 + -664))/(1 + 1). Suppose 6 = -3*a - h + 258, 3*h - r = -4*a. What is the highest common factor of 34 and a?
17
Let k(o) = 195*o**2 + 4*o + 10. Let d be k(-2). What is the highest common factor of d and 34?
34
Suppose 3*y + 237 = 3*v - 318, 3*v - 540 = -2*y. Let l = v - -82. What is the highest common factor of l and 33?
33
Let l(h) = -96*h**2 + 4*h + 3. Let y be l(-1). Let t = -82 - y. What is the highest common divisor of 75 and t?
15
Let v be (-8)/(-1) + -3 + 1. Let l(q) = -q**2 + 26*q - 152. Let r be l(10). Calculate the greatest common factor of r and v.
2
Let w be (2/7)/((-18)/(-441)). Let j(t) = t**3 + 4*t**2 - 4*t - 2. Let x be j(-4). What is the highest common factor of x and w?
7
Suppose 59*m - 19 = 75 + 142. Suppose -3*o + 2 = -10. What is the greatest common divisor of m and o?
4
Let j = 6 - 3. Suppose j*v + 198 = 4*o - 78, 3*v - 84 = -o. What is the greatest common factor of 48 and o?
24
Let a = 239 + -219. What is the greatest common factor of 28 and a?
4
Let u(t) = -4*t + 2. Let v be u(-2). Suppose 0 = h + 4*i - 18, -h - 2*h + 4*i - v = 0. Suppose -j + h = -82. What is the greatest common factor of 21 and j?
21
Let b(w) = 77*w**2 - 3*w + 1. Let k be b(-1). Calculate the greatest common divisor of k and 135.
27
Suppose -4*l = 3*q - 555, 9*l + 2*q + 711 = 14*l. Calculate the greatest common divisor of 5217 and l.
141
Suppose 27*m - 25*m - 14 = 5*v, 2*v - 76 = -4*m. Suppose 3*f = -0*f + 816. Calculate the greatest common factor of f and m.
17
Let n be ((-7)/14*-2 - 0)*7. Calculate the greatest common factor of 791 and n.
7
Suppose -11*d + 7379 = -12751. Calculate the greatest common divisor of 20 and d.
10
Let n = 974 + -792. What is the highest common factor of n and 338?
26
Let c be 28/(-126) + 3766/18. What is the highest common factor of 11 and c?
11
Let y(s) = -2*s**2 - 12*s - 2. Let q be y(-7). Let f(x) = -2*x**2 - 35*x - 8. Let b be f(q). What is the highest common divisor of 20 and b?
20
Suppose -462*l + 452*l + 490 = 0. Let v = -2 - 2. Let h = v - -11. What is the highest common divisor of h and l?
7
Let u(j) = -j**2 - 2*j + 5. Let g = -51 + 49. Let d be u(g). What is the greatest common factor of 10 and d?
5
Let t be (-45)/9 + 7 - (-74)/1. Calculate the highest common divisor of t and 4.
4
Suppose 18*w = -5*r + 13*w + 640, 0 = r - 4*w - 138. Calculate the greatest common factor of r and 338.
26
Suppose 2*o = 24 + 24. Let c be (-616)/(-35) + (-3 - 34/(-10)). What is the highest common divisor of c and o?
6
Suppose -4*u = -5*o - 20, 0*u - 15 = -3*u - o. Suppose -u*a + 180 = -0*a. Calculate the highest common factor of a and 288.
36
Let d be 2*(-10)/4 - (-15 + 2). Calculate the greatest common factor of d and 344.
8
Let z(n) = 2*n**2 - 8*n + 3. Let i be z(5). Suppose -22 = 2*f - 0*m - 2*m, 2*m + 34 = -5*f. Let v = f + 34. Calculate the greatest common factor of v and i.
13
Suppose -4*v + 14 + 2 = 0. Suppose v*t - 8 = 120. What is the greatest common divisor of 16 and t?
16
Let n(y) = -4*y**3 + y**2 - 4*y + 7. Let p be n(2). Let d = 89 + p. Let l be 2/(-3) + (-122)/(-3). Calculate the greatest common divisor of d and l.
20
Let j = -25 + 27. Suppose 4*v = 3*g - 105, v - 35 = -3*g + j*g. What is the highest common divisor of 14 and g?
7
Let r be -1 - 4*-1*1. Let i be (-10)/(4/(6*-6)). Suppose 4*p - i = p. Calculate the highest common factor of p and r.
3
Let h(r) = -3 - 3 - 4*r + 3 + 1. Let c be h(-1). Suppose 0 = 3*q + 4*y - 10, -2*q - c*y + 20 = 2*q. What is the highest common divisor of 1 and q?
1
Let w(l) = 2*l + 10. Let a be w(5). What is the greatest common factor of a and 60?
20
Let g be 3 + 30 + 1/(-4 - -5). Calculate the greatest common factor of g and 119.
17
Let u be (-30)/4*8/(-12). Suppose 0 = 4*t - 5*c + 9, -u*c + 15 + 26 = 4*t. Let j be 36 - (12/3 - t). Calculate the highest common divisor of j and 12.
12
Suppose 8*a + 3*l - 113 = 6*a, -3*a + 4*l + 178 = 0. What is the highest common divisor of a and 1?
1
Suppose 0 = 3*i - 5*i + 24. Suppose -53*r = f - 50*r - 105, 4*r = 3*f - 276. What is the greatest common factor of i and f?
12
Suppose -51 + 243 = 8*k. Calculate the greatest common factor of k and 40.
8
Suppose 0 = -13*b + 7*b + 204. Suppose -33*i + b*i = 26. Calculate the greatest common divisor of 4 and i.
2
Let s(f) = f**2 + 2*f - 128. Let l be s(-13). Calculate the greatest common divisor of 1185 and l.
15
Let r be 56/(-2)*(-9 + (1 - -6)). Calculate the greatest common factor of r and 112.
56
Suppose 884 = 4*q - 844. What is the highest common factor of 224 and q?
16
Let g be ((-364)/26)/(4/(-6)). Calculate the highest common factor of g and 63.
21
Let y be 48*-6*(-4)/18. Calculate the greatest common factor of 24 and y.
8
Let s(i) = i**2 - 29*i + 149. Let g be s(25). Calculate the highest common divisor of 1029 and g.
49
Suppose 2*p = -6, p + 2 = -2*u + 39. Let b be (2*5)/((-29)/(-145)). What is the highest common factor of b and u?
10
Let c(r) = r**3 + 12*r**2 - 13*r + 2. Let g be c(-13). Let o(a) = 31*a - 9. Let v be o(g). Calculate the greatest common divisor of 53 and v.
53
Let x be 110*5 - (420/20 - 19). Calculate the greatest common factor of 959 and x.
137
Suppose 0 = h + 12*l - 17*l - 79, 5*h + 3*l = 479. What is the highest common divisor of 2 and h?
2
Let m be 1/(-2)*(-2 + -112). Let z = -29 + m. What is the highest common divisor of z and 14?
14
Let j(v) = -6*v - 13. Let d(f) = -6*f - 12. Let h(i) = 5*d(i) - 4*j(i). Let n be h(-7). Suppose -n = 4*c